mmon factor of 4974266 and 33?
11
What is the highest common factor of 24 and 62814?
6
What is the highest common factor of 1806 and 287079954?
1806
What is the highest common divisor of 8 and 18052732?
4
Calculate the highest common divisor of 31394730 and 60.
30
What is the highest common factor of 1453000 and 6120?
40
Calculate the greatest common factor of 15 and 133318545.
15
Calculate the greatest common divisor of 604 and 10944782.
302
Calculate the greatest common divisor of 178981703 and 5269.
479
What is the highest common factor of 14986 and 256414?
118
What is the greatest common divisor of 6733802 and 11218?
158
What is the highest common factor of 450435825 and 1260?
315
Calculate the highest common divisor of 485 and 317287.
97
What is the greatest common divisor of 534 and 4702044?
6
What is the greatest common factor of 6415136 and 1232?
112
What is the highest common divisor of 245 and 1212652?
49
What is the highest common divisor of 29912555 and 1996?
499
What is the greatest common divisor of 98937345 and 60?
15
What is the highest common divisor of 591816127 and 14?
7
What is the highest common factor of 5776 and 5395867?
361
What is the highest common factor of 130871688 and 108?
12
Calculate the greatest common factor of 7632 and 18576.
144
Calculate the greatest common divisor of 1407 and 899877.
201
Calculate the greatest common factor of 92941445 and 44941.
3457
Calculate the greatest common factor of 6048 and 937364400.
3024
What is the greatest common divisor of 8975015 and 35?
35
Calculate the greatest common divisor of 5683980 and 6720.
60
What is the greatest common divisor of 216 and 163878984?
216
What is the greatest common factor of 40914464 and 24?
8
What is the highest common factor of 429726 and 1053558?
1122
Calculate the greatest common factor of 546 and 8152690.
182
What is the greatest common factor of 595006204 and 494?
494
Calculate the highest common factor of 191527392 and 37.
37
Calculate the greatest common divisor of 66 and 74097298.
22
Calculate the greatest common factor of 52428016 and 146.
146
What is the highest common factor of 41484 and 7188?
12
Calculate the greatest common divisor of 1581035594 and 3013.
3013
Calculate the greatest common factor of 30843008 and 98.
14
Calculate the highest common factor of 845208 and 1470987.
8127
Calculate the highest common factor of 6150 and 1277150.
2050
Calculate the highest common divisor of 6630 and 315510.
390
Calculate the greatest common factor of 12 and 10783452.
12
What is the highest common factor of 1755 and 15191865?
585
What is the greatest common factor of 282172 and 3311?
11
Calculate the highest common divisor of 154 and 1915562.
22
What is the highest common divisor of 1439468 and 2322?
86
Calculate the highest common divisor of 147053 and 1073918.
479
Calculate the greatest common factor of 3323880 and 1960.
280
What is the highest common divisor of 12099 and 1174300709?
4033
What is the greatest common factor of 39710 and 199870?
110
What is the highest common divisor of 16969918 and 6654?
2218
Calculate the highest common divisor of 14076063 and 306.
9
What is the greatest common factor of 1556888 and 172672?
568
What is the highest common factor of 772 and 300879280?
772
Calculate the greatest common divisor of 387018 and 68688.
162
Calculate the greatest common divisor of 66229453 and 188813.
4391
What is the highest common factor of 4239183 and 584?
73
Calculate the highest common divisor of 1844040 and 27830.
1210
Calculate the highest common divisor of 38843 and 6501817.
1253
What is the highest common divisor of 3106883 and 13?
13
What is the greatest common divisor of 1520 and 239430020?
380
Calculate the greatest common factor of 1354 and 1444755912.
1354
Calculate the highest common factor of 466980 and 15738.
258
What is the highest common divisor of 11305 and 231496?
19
Calculate the highest common factor of 14 and 6815068.
2
What is the greatest common factor of 416 and 356?
4
What is the greatest common factor of 1969956 and 9?
9
What is the greatest common factor of 8496 and 1304288?
16
Calculate the highest common factor of 50 and 645240950.
50
Calculate the highest common factor of 62436 and 59587.
11
Calculate the highest common divisor of 59238262 and 40678.
3698
Calculate the greatest common divisor of 14 and 56926856.
14
What is the highest common divisor of 285 and 1311990?
15
Calculate the greatest common factor of 92 and 107679054.
46
Calculate the greatest common factor of 6229840 and 6.
2
What is the highest common factor of 8871 and 4143?
3
Calculate the highest common divisor of 1147838 and 1978.
46
Calculate the greatest common divisor of 1396493 and 126.
7
Calculate the greatest common divisor of 96993 and 184437578.
10777
Calculate the highest common divisor of 95565624 and 72.
24
What is the highest common divisor of 23400 and 98180?
20
Calculate the highest common divisor of 25729508 and 11044.
1004
What is the greatest common factor of 308 and 303730?
14
What is the greatest common factor of 103710680 and 25952?
6488
What is the greatest common factor of 740300 and 12650?
550
What is the greatest common divisor of 497 and 7143523?
71
Calculate the greatest common divisor of 4086 and 1624866.
1362
Calculate the greatest common divisor of 23479 and 446790.
53
Calculate the highest common divisor of 16005 and 199155.
165
What is the highest common factor of 2408 and 5042954?
602
Calculate the greatest common divisor of 93725892 and 156.
156
Calculate the greatest common factor of 780624 and 6747.
39
What is the greatest common factor of 37516340 and 3760?
940
What is the highest common divisor of 601 and 23764141?
601
Calculate the greatest common factor of 323627 and 289370.
19
Calculate the highest common factor of 35726882 and 81814.
4306
Calculate the greatest common divisor of 206847 and 329.
47
What is the highest common divisor of 431020 and 75?
5
Calculate the highest common factor of 60920 and 288760.
40
Calculate the greatest common factor of 164819 and 989.
43
What is the greatest common divisor of 1895058 and 374?
374
What is the highest common divisor of 1083921 and 23805?
1587
What is the highest common factor of 530 and 3261470?
10
What is the greatest common factor of 67014 and 43129422?
3942
What is the greatest common factor of 381129 and 5775?
21
Calculate the greatest common factor of 12950 and 183106525.
6475
What is the highest common factor of 234 and 17401696?
26
Calculate the highest common divisor of 4313 and 27569.
19
What is the greatest common divisor of 50193983 and 2156?
49
Calculate the highest common factor of 797 and 3273392971.
797
Calculate the highest common divisor of 460750 and 249660.
190
What is the highest common factor of 39783 and 1070118?
447
Calculate the greatest common divisor of 24 and 3921.
3
Calculate the highest common divisor of 26613438 and 1449.
69
What is the highest common factor of 102862292 and 7566?
2522
Calculate the greatest common factor of 140 and 6701324.
28
What is the highest common factor of 185187330 and 15075?
3015
Calculate the greatest common factor of 14113701 and 126.
63
What is the highest common factor of 1173640 and 1221?
37
Calculate the greatest common divisor of 2400 and 13872840.
120
Calculate the highest common factor of 349783 and 928760.
749
Calculate the greatest common factor of 49 and 168178927.
49
What is the highest common factor of 9277 and 125?
1
What is the greatest common divisor of 16056 and 22500?
36
What is the greatest common divisor of 25058 and 285736?
374
Calculate the greatest common factor of 8996 and 11507960.
692
What is the greatest common divisor of 771869 and 2183998?
3557
Calculate the greatest common divisor of 2710 and 29330.
10
Calculate the greatest common factor of 25534 and 13065898.
1502
What is the highest common divisor of 63830700 and 9024?
564
What is the highest common divisor of 427 and 8842987?
61
What is the highest common divisor of 756 and 999744?
12
Calculate the highest common factor of 3854 and 1764709.
47
Calculate the highest common factor of 28560 and 11163390.
3570
What is the greatest common factor of 34252650 and 120?
30
What is the highest common divisor of 12388